rime factors of u.
19
Suppose 3*u + 24*x = 21*x + 2340, 5*u - 3928 = 2*x. List the prime factors of u.
2, 7
Suppose 3*q - 53 = -2. Let b = q + -47. Let p = 13 - b. List the prime factors of p.
43
Let v be 2/(-3)*390/(-20). Suppose 2*a + v = 31. List the prime factors of a + (-5 - -4) + 4.
2, 3
Let d = 26 + -22. Let t(r) = r**3 - 3*r**2 + 3*r - 4. What are the prime factors of t(d)?
2, 3
Suppose -w - 4*w - 50 = 0. Let a be (-124)/w*(-15)/(-6). Suppose 2*x - 101 = -a. List the prime factors of x.
5, 7
Suppose 11*h - 2505 = 1521. Suppose h + 794 = 8*d. What are the prime factors of d?
5, 29
Suppose 8*m - 13*m - 45 = 0. Let j(o) = -o**3 - 7*o**2 + 8*o - 13. What are the prime factors of j(m)?
7, 11
Let k(q) = -5*q**3 + 5*q**3 + 1 - q**2 + 0*q**2 + q**3. Let m be k(1). Let j = 13 + m. List the prime factors of j.
2, 7
Let a = -26 - 82. Let w = a - -152. What are the prime factors of w?
2, 11
Let p be (150/20)/((-3)/(-10)). Suppose 2*f = -6, f = -5*s + 6*f + p. Suppose -s*y = -11 - 13. What are the prime factors of y?
2, 3
Let a(m) = 13*m + 3. Let l be a(4). Let h = -36 + l. Let q = h - 3. List the prime factors of q.
2
Let r(y) = 46*y**2 + 91*y - 4. List the prime factors of r(-9).
2903
Let l = 26 - 21. Suppose 0 = -2*d + 2*s + 294, 5*d - l*s + s - 738 = 0. List the prime factors of d.
2, 3, 5
Suppose -77*l = -32648 - 34111. List the prime factors of l.
3, 17
Suppose -8*m = -27*m + 9006. List the prime factors of m.
2, 3, 79
Suppose 18*g = -3*g + 9303. List the prime factors of g.
443
Suppose 0*u + 1 = 2*u + w, -2*u + 2*w + 16 = 0. Let i = u - 1. What are the prime factors of (20/8 - 0)*i?
5
Suppose -2*o - 3*o - 10 = 0. Let k = o - -5. Suppose 2*n = -3*m + 14 - 4, -4 = -5*m + k*n. List the prime factors of m.
2
Let w(x) = -8*x - 17. List the prime factors of w(-5).
23
Let x = -26 - -6. Let d = x - -33. Suppose -2*y - 4*m + 63 = d, 2*m = -2*y + 44. List the prime factors of y.
19
Let r = 3 + -1. Suppose -f - r*f = -5*v + 25, -17 = 4*v + 5*f. Suppose v*j - 13 - 33 = 0. List the prime factors of j.
23
Suppose 7*k - 2*k = 665. Let t = -90 + k. Let u = t + -17. List the prime factors of u.
2, 13
Suppose 11*k = 17*k - 270. Let h = -38 + k. What are the prime factors of h?
7
Let h = 204 + -307. Let v = h - -138. What are the prime factors of v?
5, 7
Let l = 562 + -427. What are the prime factors of l?
3, 5
Suppose -5*o - 20806 = -3*m, 2*o = 4*o - m + 8322. What are the prime factors of o/(-50) - (1/(-5))/(-1)?
83
Let g be 36*(-3)/(-18)*3. Let f = 11 - g. List the prime factors of f*15*2/(-21).
2, 5
List the prime factors of (147/28 - 3)*1568/6.
2, 3, 7
Let z be 2/8*-6*-2. Suppose -3*k - 21 = 4*t + 89, z*t + 74 = -2*k. What are the prime factors of ((-5)/10)/(1/k)?
17
Suppose 42*f = 39*f + 1797. Let q = f - 407. What are the prime factors of q?
2, 3
Let w = 102 - -58. List the prime factors of w.
2, 5
Let t = -4610 + 6769. What are the prime factors of t?
17, 127
List the prime factors of (-15110)/(-7) - (-15)/35.
17, 127
Let c be (-2 + 0)*(-75)/10. Let b = c + -25. Let r = 39 + b. What are the prime factors of r?
29
Suppose -3*z + 11 = g, 3*g = -4*z + 2*g + 13. Suppose -4*u - 33 = t - z*t, 3*t + 2*u = 141. What are the prime factors of t?
3, 5
Suppose -19*x + 31 + 5650 = 0. What are the prime factors of x?
13, 23
What are the prime factors of (-102)/(-340) + 8514/20?
2, 3, 71
Let s = -29 - -2. Let z be (5/(-15))/(3/s). List the prime factors of 1 + (z + -2 - -32).
2, 17
Let n(h) = h**2 + 8*h + 11. Let q be n(-5). Let b be 2 - (-2 - (-11 - q)). Let g = 14 + b. List the prime factors of g.
11
Let h = -936 + 1353. Suppose 0 = -n - 149 + h. What are the prime factors of n?
2, 67
Let a = 29 - 29. Suppose -5*h = -3*w + 2, a*w - 2*w = -4*h - 2. List the prime factors of -12*w*(-3 + 6).
2, 3
Let w be 1/((2 + -6)/(-1604)). Suppose -w = -2*k - 81. Suppose 0*s = 5*s - k. What are the prime factors of s?
2
Let m = -77 + 43. Let l = 48 + m. Suppose -l = o - 2*o. What are the prime factors of o?
2, 7
Suppose -385 = 4*w - 3*u - 5030, -1175 = -w - 2*u. What are the prime factors of w?
5, 233
Suppose -4*a + z + 388 = -1034, -3*z - 706 = -2*a. List the prime factors of a.
2, 89
Let s(x) be the first derivative of -3*x**4/4 + x**3 + x**2/2 + x - 19. Suppose -4 = 2*c - 0. List the prime factors of s(c).
5, 7
Let i = 190 + 306. List the prime factors of i.
2, 31
Let m(u) be the first derivative of 5*u**4/4 - 5*u**2/2 + u - 4. Let d be m(2). Let v = d + -10. List the prime factors of v.
3, 7
Suppose 25 = a + 4*a. Suppose -a*n + 37 = -4*n. What are the prime factors of n?
37
Let h be -2 - (-48 - (5 + -3 + -5)). What are the prime factors of h/2*(6 + (3 - 7))?
43
Suppose 8*h - 4112 = 1088. List the prime factors of h.
2, 5, 13
Let w = -23 + 26. Suppose 15 = w*g - 51. What are the prime factors of g?
2, 11
Let z = -22 - -33. Let l be 1 - 1 - ((3 - 36) + -6). Suppose -2*i + 2*t + z = -l, i + 5*t - 37 = 0. What are the prime factors of i?
3
Let k(v) = v**2 + 12*v - 9. Let p be k(-13). Suppose 62 = p*t - 114. Let b = t + -30. What are the prime factors of b?
2, 7
Suppose 10705 = 5*s + 15*r - 10*r, 5*s = -r + 10709. What are the prime factors of s?
2, 3, 7, 17
Let z(n) = -38*n**3 + n**2 + 1 + 14*n**3 + 3*n**3 - n + 2*n. What are the prime factors of z(-1)?
2, 11
Let y(x) = -x**3 - 14*x**2 - 6*x - 20. Let v be (-21)/((-7)/((-42)/9)). What are the prime factors of y(v)?
2
Suppose 42468 = 27*z + 3750. List the prime factors of z.
2, 3, 239
Let k = -22 - -10. Let n = 9 + k. What are the prime factors of 3/n + 23 + 6?
2, 7
Let b = -272 - -71. Let k = -110 - b. What are the prime factors of k?
7, 13
Suppose -147 = -3*n - 2*d, -4*n - 4*d = -129 - 71. List the prime factors of n.
47
Suppose 2*w + 4*x = 36, -14*w + 11*w + 5*x = -87. Suppose -t + 2 = -4. Suppose z - w = t. List the prime factors of z.
2, 3, 5
Let t(l) = 31 + 2*l - 2*l + 5*l. List the prime factors of t(7).
2, 3, 11
Let m(u) = -u**2 + 4. Let g be m(4). Let y = 38 - g. Suppose -y = 4*r - 9*r. What are the prime factors of r?
2, 5
Let j(v) = 23*v**2 - 2*v + 1. Let a = -10 - -8. Let m be (2 + 0)*a/(-4). List the prime factors of j(m).
2, 11
Let r(i) = 2*i**3 - 4*i**2 + 3*i - 1. Let o be 40/6 - 4 - (-2)/6. What are the prime factors of r(o)?
2, 13
Suppose 0 = 5*u - 501 - 3964. List the prime factors of u.
19, 47
Let q(a) = -3*a - 2. Let b be q(-2). Suppose -2*t + 4*l + 220 = 0, 0 = -3*t - b*l + 88 + 212. What are the prime factors of t?
2, 13
List the prime factors of 3817/22 + 3/6.
2, 3, 29
Suppose -21*d + 304 = -19*d. Suppose -2*w + 4*w = d. What are the prime factors of w?
2, 19
Let z(r) = 4*r**2 + 7*r + 4. Let v be (4/8)/((-2)/24). Let w be z(v). What are the prime factors of 6/(-10) - w/(-10)?
2, 5
List the prime factors of (15 + -3)*(-177)/(-6).
2, 3, 59
Let u be (0 + -1)*1 + 2. Let n(h) = -h**3 + 9*h**2 - 8*h + 14. Let c be n(8). Let l = u + c. List the prime factors of l.
3, 5
Let t = -67 - -45. Let i = -12 - t. List the prime factors of (62/i)/(4/20).
31
Let i(f) be the first derivative of 3*f**2 + 2*f + 4. What are the prime factors of i(2)?
2, 7
Let g be (-54)/(-24) + 1/(-4). What are the prime factors of (-218)/6*(g - 11) - -3?
2, 3, 5, 11
Let f = -242 + 371. What are the prime factors of f?
3, 43
What are the prime factors of 18 - -2503 - (-20)/2?
2531
Let i(p) be the third derivative of 11*p**5/20 + p**4/24 - 5*p**2. Let q be i(-1). What are the prime factors of (-4)/(-6)*240/q?
5
What are the prime factors of (-232)/((80/168)/(-5))?
2, 3, 7, 29
Suppose -3 = -2*a + 3*t, 4*a - 4 = -2*t - 6. Suppose s - 4*g - 125 = a, 0 = 2*s - 2*g - 3*g - 241. List the prime factors of s.
113
Suppose -z = -5*i + 59, 5*i + 0*z = 5*z + 55. Let w be (i/(-5))/(18/(-60)). Suppose -w = -2*k + p, -4*p = 3*k + 2 - 14. List the prime factors of k.
2
What are the prime factors of 12*((-21)/168)/(3/(-9004))?
2, 2251
Suppose -22 = -4*g - 10. Suppose 84 = g*v + 12. What are the prime factors of v?
2, 3
List the prime factors of 48501/12 - ((-18)/(-24) + -2).
13, 311
Let m(d) = -d - 3*d - 7 + d**2 + 6*d - 6*d. Let i = -10 - -16. What are the prime factors of m(i)?
5
Suppose 0 = 2*p - 4*l - 270 - 32, -4*p - 4*l = -556. Suppose 0 = -2*f - 3*y - 241 + 571, -4*y - p = -f. What are the prime factors of f?
3, 53
Let p(r) = r**2 + 12*r + 2. Let u be p